{"id":286,"date":"2016-10-31T13:17:59","date_gmt":"2016-10-31T16:17:59","guid":{"rendered":"https:\/\/isem-mza.infd.edu.ar\/sitio\/?page_id=286"},"modified":"2022-07-07T13:27:08","modified_gmt":"2022-07-07T16:27:08","slug":"inicio","status":"publish","type":"page","link":"https:\/\/isem-infd.mendoza.edu.ar\/sitio\/","title":{"rendered":"Inicio"},"content":{"rendered":"<p><img decoding=\"async\" loading=\"lazy\" class=\"aligncenter\" title=\"PRESENTACION DE CARRERAS \" src=\"https:\/\/isem-infd.mendoza.edu.ar\/sitio\/wp-content\/uploads\/2018\/08\/FLYER-PARA-FACEBOOK.png\" alt=\"PRESENTACION DE CARRERAS \" width=\"685\" height=\"497\" border=\"0\" \/>\u00a0<\/p>\n<table id=\"table1\" style=\"border-top-width: 0px; border-left-width: 0px; border-right-width: 0px; width: 500px;\" border=\"1\" cellspacing=\"0\" cellpadding=\"10\"><\/table>\n<table id=\"table1\" style=\"width: 100%;\" border=\"1\" cellspacing=\"0\" cellpadding=\"10\" align=\"center\">\n<tbody>\n<tr>\n<td style=\"border: 1px solid;\">\n<p><span style=\"color: #3e748e; font-family: arial, helvetica, sans-serif; font-size: large;\">Instituto Superior de Formaci\u00f3n Docente N\u00ba PT- 252\u00a0<\/span><\/p>\n<p>&nbsp;<\/p>\n<p style=\"text-align: justify;\"><span style=\"font-size: 10pt; color: black; font-family: Verdana;\">\u00a0 \u00a0 \u00a0 El Instituto Superior de Educaci\u00f3n Mendoza, es \u00a0una Instituci\u00f3n de Gesti\u00f3n Privada , incorporada a la Ense\u00f1anza Oficial. Se dictan diferentes carreras docentes y t\u00e9cnicas, aprobadas por la Direcci\u00f3n General de Escuelas de la provincia de Mendoza, con validez oficial tanto provincial como nacional. \u00a0<\/span><\/p>\n<p style=\"text-align: justify;\"><span style=\"font-size: 10pt; color: black; font-family: Verdana;\">\u00a0PROFESORADO DE \u00a0EDUCACI\u00d3N INICIAL<\/span><\/p>\n<p style=\"text-align: justify;\"><span style=\"font-size: 10pt; color: black; font-family: Verdana;\">PROFESORADO DE HISTORIA PARA SECUNDARIA<\/span><\/p>\n<p style=\"text-align: justify;\"><span style=\"font-size: 10pt; color: black; font-family: Verdana;\">PROFESORADO DE GEOGRAF\u00cdA PARA SECUNDARIA<\/span><\/p>\n<p style=\"text-align: justify;\"><span style=\"font-size: 10pt; color: black; font-family: Verdana;\">TECNICATURA EN \u00a0PRECEPTOR\u00cdA ESCOLAR<\/span><\/p>\n<p style=\"text-align: justify;\"><span style=\"font-size: 10pt; color: black; font-family: Verdana;\">Tambi\u00e9n se dictan cursos de Perfeccionamiento y Actualizaci\u00f3n docente, todos con puntaje :\u00a0<\/span><\/p>\n<p style=\"text-align: justify;\"><span style=\"font-size: 10pt; color: black; font-family: Verdana;\">Curso de Preceptor Escolar<\/span><\/p>\n<p style=\"text-align: justify;\"><span style=\"font-size: 10pt; color: black; font-family: Verdana;\">Curso de Secretario Escolar<\/span><\/p>\n<p><span style=\"font-size: 10pt; color: black; font-family: Verdana;\"><br \/><\/span><\/td>\n<\/tr>\n<\/tbody>\n<\/table>\n<div id=\"metaslider-id-403\" style=\"width: 100%;\" class=\"ml-slider-3-33-0 metaslider metaslider-flex metaslider-403 ml-slider ms-theme-default\" role=\"region\" aria-roledescription=\"Slideshow\" aria-label=\"Slideshow\">\n    <div id=\"metaslider_container_403\">\n        <div id=\"metaslider_403\" class=\"flexslider\">\n            <ul aria-live=\"polite\" class=\"slides\">\n                <li style=\"display: block; width: 100%;\" class=\"slide-607 ms-image\" aria-roledescription=\"slide\" aria-label=\"slide-607\"><a href=\"https:\/\/mapa.infd.edu.ar\/\" target=\"_blank\"><img src=\"https:\/\/isem-infd.mendoza.edu.ar\/sitio\/wp-content\/uploads\/2018\/06\/mapa_infd6-1100x200.png\" height=\"200\" width=\"1100\" alt=\"\" class=\"slider-403 slide-607\" title=\"mapa_infd6\" \/><\/a><\/li>\n                <li style=\"display: none; width: 100%;\" class=\"slide-609 ms-image\" aria-roledescription=\"slide\" aria-label=\"slide-609\"><a href=\"https:\/\/www.argentina.gob.ar\/educacion\/becas\" target=\"_blank\"><img src=\"https:\/\/isem-infd.mendoza.edu.ar\/sitio\/wp-content\/uploads\/2018\/06\/becas7-1100x200.png\" height=\"200\" width=\"1100\" alt=\"\" class=\"slider-403 slide-609\" title=\"becas7\" \/><\/a><\/li>\n                <li style=\"display: none; width: 100%;\" class=\"slide-635 ms-image\" aria-roledescription=\"slide\" aria-label=\"slide-635\"><a href=\"https:\/\/www.argentina.gob.ar\/tema\/estudiar\/formacion-docencia\" target=\"_blank\"><img src=\"https:\/\/isem-infd.mendoza.edu.ar\/sitio\/wp-content\/uploads\/2018\/06\/convocatorias_slide6-1-1100x200.png\" height=\"200\" width=\"1100\" alt=\"\" class=\"slider-403 slide-635\" title=\"convocatorias_slide6-1\" \/><\/a><\/li>\n            <\/ul>\n        <\/div>\n        \n    <\/div>\n<\/div>\n","protected":false},"excerpt":{"rendered":"<p>\u00a0 Instituto Superior de Formaci\u00f3n Docente N\u00ba PT- 252\u00a0 &nbsp; \u00a0 \u00a0 \u00a0 El Instituto Superior de Educaci\u00f3n Mendoza, es \u00a0una Instituci\u00f3n de Gesti\u00f3n Privada , incorporada a la Ense\u00f1anza Oficial. Se dictan diferentes carreras docentes y t\u00e9cnicas, aprobadas por la Direcci\u00f3n General de Escuelas de la provincia de Mendoza, con validez oficial tanto provincial &#8230; <a title=\"Inicio\" class=\"read-more\" href=\"https:\/\/isem-infd.mendoza.edu.ar\/sitio\/\" aria-label=\"More on Inicio\">[+]<\/a><\/p>\n","protected":false},"author":7,"featured_media":790,"parent":0,"menu_order":0,"comment_status":"closed","ping_status":"closed","template":"","meta":[],"acf":[],"_links":{"self":[{"href":"https:\/\/isem-infd.mendoza.edu.ar\/sitio\/wp-json\/wp\/v2\/pages\/286"}],"collection":[{"href":"https:\/\/isem-infd.mendoza.edu.ar\/sitio\/wp-json\/wp\/v2\/pages"}],"about":[{"href":"https:\/\/isem-infd.mendoza.edu.ar\/sitio\/wp-json\/wp\/v2\/types\/page"}],"author":[{"embeddable":true,"href":"https:\/\/isem-infd.mendoza.edu.ar\/sitio\/wp-json\/wp\/v2\/users\/7"}],"replies":[{"embeddable":true,"href":"https:\/\/isem-infd.mendoza.edu.ar\/sitio\/wp-json\/wp\/v2\/comments?post=286"}],"version-history":[{"count":88,"href":"https:\/\/isem-infd.mendoza.edu.ar\/sitio\/wp-json\/wp\/v2\/pages\/286\/revisions"}],"predecessor-version":[{"id":804,"href":"https:\/\/isem-infd.mendoza.edu.ar\/sitio\/wp-json\/wp\/v2\/pages\/286\/revisions\/804"}],"wp:featuredmedia":[{"embeddable":true,"href":"https:\/\/isem-infd.mendoza.edu.ar\/sitio\/wp-json\/wp\/v2\/media\/790"}],"wp:attachment":[{"href":"https:\/\/isem-infd.mendoza.edu.ar\/sitio\/wp-json\/wp\/v2\/media?parent=286"}],"curies":[{"name":"wp","href":"https:\/\/api.w.org\/{rel}","templated":true}]}}